{"id":2,"date":"2020-10-13T17:15:22","date_gmt":"2020-10-13T15:15:22","guid":{"rendered":"http:\/\/lesgardiensdujeu.fr\/site\/?page_id=2"},"modified":"2022-10-02T22:18:51","modified_gmt":"2022-10-02T20:18:51","slug":"presentation","status":"publish","type":"page","link":"https:\/\/www.lesgardiensdujeu.fr\/site\/index.php\/presentation\/","title":{"rendered":"Pr\u00e9sentation"},"content":{"rendered":"\n<p>D\u00e9sormais section du Club de Loisir de L\u00e9o Lagrange, l&rsquo;association Les Gardiens du Jeu ouvre ses portes, chaque weekend, \u00e0 une trentaine de passionn\u00e9s depuis 1986.<br>Ce sont plus d\u2019une centaine de parties de jeux de r\u00f4le qui sont propos\u00e9es chaque ann\u00e9e, ainsi que plusieurs tournois du jeu de cartes Magic the Gathering et d&rsquo;apr\u00e8s-midis jeux de soci\u00e9t\u00e9.<\/p>\n\n\n\n<figure class=\"wp-block-table is-style-regular\"><table><thead><tr><th>Jours<\/th><th>Horaires<\/th><\/tr><\/thead><tbody><tr><td>Vendredi<\/td><td>De 18h \u00e0 4h du matin<\/td><\/tr><tr><td>Samedi<\/td><td>De 13h \u00e0 4h du matin<\/td><\/tr><tr><td>Dimanche<\/td><td>De 13h \u00e0 19h<\/td><\/tr><\/tbody><\/table><figcaption>Cr\u00e9neaux principaux des Gardiens du Jeu<\/figcaption><\/figure>\n\n\n\n<p><\/p>\n","protected":false},"excerpt":{"rendered":"<p>D\u00e9sormais section du Club de Loisir de L\u00e9o Lagrange, l&rsquo;association Les Gardiens du Jeu ouvre ses portes, chaque weekend, \u00e0 une trentaine de passionn\u00e9s depuis 1986.Ce sont plus d\u2019une centaine de parties de jeux de r\u00f4le qui sont propos\u00e9es chaque ann\u00e9e, ainsi que plusieurs tournois du jeu de cartes Magic the Gathering et d&rsquo;apr\u00e8s-midis jeux &hellip; <\/p>\n<p class=\"link-more\"><a href=\"https:\/\/www.lesgardiensdujeu.fr\/site\/index.php\/presentation\/\" class=\"more-link\">Continuer la lecture <span class=\"screen-reader-text\"> \u00ab\u00a0Pr\u00e9sentation\u00a0\u00bb<\/span><\/a><\/p>\n","protected":false},"author":1,"featured_media":0,"parent":0,"menu_order":0,"comment_status":"closed","ping_status":"open","template":"","meta":{"footnotes":""},"class_list":["post-2","page","type-page","status-publish","hentry","entry"],"_links":{"self":[{"href":"https:\/\/www.lesgardiensdujeu.fr\/site\/index.php\/wp-json\/wp\/v2\/pages\/2","targetHints":{"allow":["GET"]}}],"collection":[{"href":"https:\/\/www.lesgardiensdujeu.fr\/site\/index.php\/wp-json\/wp\/v2\/pages"}],"about":[{"href":"https:\/\/www.lesgardiensdujeu.fr\/site\/index.php\/wp-json\/wp\/v2\/types\/page"}],"author":[{"embeddable":true,"href":"https:\/\/www.lesgardiensdujeu.fr\/site\/index.php\/wp-json\/wp\/v2\/users\/1"}],"replies":[{"embeddable":true,"href":"https:\/\/www.lesgardiensdujeu.fr\/site\/index.php\/wp-json\/wp\/v2\/comments?post=2"}],"version-history":[{"count":8,"href":"https:\/\/www.lesgardiensdujeu.fr\/site\/index.php\/wp-json\/wp\/v2\/pages\/2\/revisions"}],"predecessor-version":[{"id":258,"href":"https:\/\/www.lesgardiensdujeu.fr\/site\/index.php\/wp-json\/wp\/v2\/pages\/2\/revisions\/258"}],"wp:attachment":[{"href":"https:\/\/www.lesgardiensdujeu.fr\/site\/index.php\/wp-json\/wp\/v2\/media?parent=2"}],"curies":[{"name":"wp","href":"https:\/\/api.w.org\/{rel}","templated":true}]}}