{"id":62,"date":"2020-10-19T11:56:55","date_gmt":"2020-10-19T09:56:55","guid":{"rendered":"http:\/\/lesgardiensdujeu.fr\/site\/?page_id=62"},"modified":"2022-10-21T19:58:45","modified_gmt":"2022-10-21T17:58:45","slug":"contacts","status":"publish","type":"page","link":"https:\/\/www.lesgardiensdujeu.fr\/site\/index.php\/contacts\/","title":{"rendered":"Contacts"},"content":{"rendered":"\n<p>Afin de venir partager vos aventures avec nous, vous n&rsquo;avez qu&rsquo;\u00e0 nous retrouver dans notre repaire !<br>L&rsquo;ancienne \u00e9cole Jean Mac\u00e9 : <a href=\"https:\/\/www.google.com\/maps\/place\/Les+gardien+du+jeu,+section+Jeux+de+r%C3%B4le+du+Club+de+Loisirs+L%C3%A9o+Lagrange+de+Colomiers\/@43.6096289,1.3401714,15z\/data=!4m5!3m4!1s0x0:0xdfc3400a88c1999e!8m2!3d43.6096289!4d1.3401714\">3 Square Fran\u00e7ois Lahille, 31770 Colomiers<\/a><\/p>\n\n\n<p><iframe loading=\"lazy\" src=\"https:\/\/www.google.com\/maps\/embed?pb=!1m18!1m12!1m3!1d1021.3655534617545!2d1.3376428695157585!3d43.609497410765236!2m3!1f0!2f0!3f0!3m2!1i1024!2i768!4f13.1!3m3!1m2!1s0x12aeb047718449bd%3A0xdfc3400a88c1999e!2sLes%20gardien%20du%20jeu%2C%20section%20Jeux%20de%20r%C3%B4le%20du%20Club%20de%20Loisirs%20L%C3%A9o%20Lagrange%20de%20Colomiers!5e0!3m2!1sfr!2sfr!4v1603224049675!5m2!1sfr!2sfr\" width=\"600\" height=\"450\" frameborder=\"0\" style=\"border:0;\" allowfullscreen=\"\" aria-hidden=\"false\" tabindex=\"0\"><\/iframe><\/p>\n\n\n\n<figure class=\"wp-block-gallery has-nested-images columns-default is-cropped wp-block-gallery-1 is-layout-flex wp-block-gallery-is-layout-flex\">\n<figure class=\"wp-block-image size-large\"><a href=\"https:\/\/www.lesgardiensdujeu.fr\/site\/wp-content\/uploads\/2022\/10\/20221008_143903-1-scaled.jpg\" target=\"_blank\" rel=\"noreferrer noopener\"><img loading=\"lazy\" decoding=\"async\" width=\"2560\" height=\"1440\" data-id=\"262\" src=\"https:\/\/www.lesgardiensdujeu.fr\/site\/wp-content\/uploads\/2022\/10\/20221008_143903-1-scaled.jpg\" alt=\"3 Square Fran\u00e7ois Lahille\" class=\"wp-image-262\" srcset=\"https:\/\/www.lesgardiensdujeu.fr\/site\/wp-content\/uploads\/2022\/10\/20221008_143903-1-scaled.jpg 2560w, https:\/\/www.lesgardiensdujeu.fr\/site\/wp-content\/uploads\/2022\/10\/20221008_143903-1-300x169.jpg 300w, https:\/\/www.lesgardiensdujeu.fr\/site\/wp-content\/uploads\/2022\/10\/20221008_143903-1-1024x576.jpg 1024w, https:\/\/www.lesgardiensdujeu.fr\/site\/wp-content\/uploads\/2022\/10\/20221008_143903-1-768x432.jpg 768w, https:\/\/www.lesgardiensdujeu.fr\/site\/wp-content\/uploads\/2022\/10\/20221008_143903-1-1536x864.jpg 1536w, https:\/\/www.lesgardiensdujeu.fr\/site\/wp-content\/uploads\/2022\/10\/20221008_143903-1-2048x1152.jpg 2048w, https:\/\/www.lesgardiensdujeu.fr\/site\/wp-content\/uploads\/2022\/10\/20221008_143903-1-1568x882.jpg 1568w\" sizes=\"auto, (max-width: 2560px) 100vw, 2560px\" \/><\/a><figcaption>3 Square Fran\u00e7ois Lahille<\/figcaption><\/figure>\n\n\n\n<figure class=\"wp-block-image size-large\"><a href=\"https:\/\/www.lesgardiensdujeu.fr\/site\/wp-content\/uploads\/2022\/10\/20221008_144244-scaled.jpg\" target=\"_blank\" rel=\"noreferrer noopener\"><img loading=\"lazy\" decoding=\"async\" width=\"2560\" height=\"1440\" data-id=\"263\" src=\"https:\/\/www.lesgardiensdujeu.fr\/site\/wp-content\/uploads\/2022\/10\/20221008_144244-scaled.jpg\" alt=\"Salle 5\" class=\"wp-image-263\" srcset=\"https:\/\/www.lesgardiensdujeu.fr\/site\/wp-content\/uploads\/2022\/10\/20221008_144244-scaled.jpg 2560w, https:\/\/www.lesgardiensdujeu.fr\/site\/wp-content\/uploads\/2022\/10\/20221008_144244-300x169.jpg 300w, https:\/\/www.lesgardiensdujeu.fr\/site\/wp-content\/uploads\/2022\/10\/20221008_144244-1024x576.jpg 1024w, https:\/\/www.lesgardiensdujeu.fr\/site\/wp-content\/uploads\/2022\/10\/20221008_144244-768x432.jpg 768w, https:\/\/www.lesgardiensdujeu.fr\/site\/wp-content\/uploads\/2022\/10\/20221008_144244-1536x864.jpg 1536w, https:\/\/www.lesgardiensdujeu.fr\/site\/wp-content\/uploads\/2022\/10\/20221008_144244-2048x1152.jpg 2048w, https:\/\/www.lesgardiensdujeu.fr\/site\/wp-content\/uploads\/2022\/10\/20221008_144244-1568x882.jpg 1568w\" sizes=\"auto, (max-width: 2560px) 100vw, 2560px\" \/><\/a><figcaption>Salle 5<\/figcaption><\/figure>\n<\/figure>\n\n\n\n<p>Une question ? Contactez nous via notre <a href=\"https:\/\/www.lesgardiensdujeu.fr\/forum\/\" data-type=\"URL\" data-id=\"https:\/\/www.lesgardiensdujeu.fr\/forum\/\">Forum<\/a> (inscription n\u00e9cessaire), notre <a href=\"https:\/\/discord.gg\/4w9fD2yxNd\" data-type=\"URL\" data-id=\"https:\/\/discord.gg\/4w9fD2yxNd\">discord<\/a> ou bien par <a href=\"mailto:contact@lesgardiensdujeu.fr\">e-mail<\/a>.<\/p>\n","protected":false},"excerpt":{"rendered":"<p>Afin de venir partager vos aventures avec nous, vous n&rsquo;avez qu&rsquo;\u00e0 nous retrouver dans notre repaire !L&rsquo;ancienne \u00e9cole Jean Mac\u00e9 : 3 Square Fran\u00e7ois Lahille, 31770 Colomiers Une question ? Contactez nous via notre Forum (inscription n\u00e9cessaire), notre discord ou bien par e-mail.<\/p>\n","protected":false},"author":1,"featured_media":90,"parent":0,"menu_order":0,"comment_status":"closed","ping_status":"closed","template":"","meta":{"footnotes":""},"class_list":["post-62","page","type-page","status-publish","has-post-thumbnail","hentry","entry"],"_links":{"self":[{"href":"https:\/\/www.lesgardiensdujeu.fr\/site\/index.php\/wp-json\/wp\/v2\/pages\/62","targetHints":{"allow":["GET"]}}],"collection":[{"href":"https:\/\/www.lesgardiensdujeu.fr\/site\/index.php\/wp-json\/wp\/v2\/pages"}],"about":[{"href":"https:\/\/www.lesgardiensdujeu.fr\/site\/index.php\/wp-json\/wp\/v2\/types\/page"}],"author":[{"embeddable":true,"href":"https:\/\/www.lesgardiensdujeu.fr\/site\/index.php\/wp-json\/wp\/v2\/users\/1"}],"replies":[{"embeddable":true,"href":"https:\/\/www.lesgardiensdujeu.fr\/site\/index.php\/wp-json\/wp\/v2\/comments?post=62"}],"version-history":[{"count":18,"href":"https:\/\/www.lesgardiensdujeu.fr\/site\/index.php\/wp-json\/wp\/v2\/pages\/62\/revisions"}],"predecessor-version":[{"id":274,"href":"https:\/\/www.lesgardiensdujeu.fr\/site\/index.php\/wp-json\/wp\/v2\/pages\/62\/revisions\/274"}],"wp:featuredmedia":[{"embeddable":true,"href":"https:\/\/www.lesgardiensdujeu.fr\/site\/index.php\/wp-json\/wp\/v2\/media\/90"}],"wp:attachment":[{"href":"https:\/\/www.lesgardiensdujeu.fr\/site\/index.php\/wp-json\/wp\/v2\/media?parent=62"}],"curies":[{"name":"wp","href":"https:\/\/api.w.org\/{rel}","templated":true}]}}